{"id":5393,"date":"2025-10-04T18:57:06","date_gmt":"2025-10-04T15:57:06","guid":{"rendered":"https:\/\/yurtdisiegitimdanismanligi.tr\/?page_id=5393"},"modified":"2025-10-04T20:21:58","modified_gmt":"2025-10-04T17:21:58","slug":"hakkimizda","status":"publish","type":"page","link":"https:\/\/yurtdisiegitimdanismanligi.tr\/index.php\/hakkimizda\/","title":{"rendered":"Hakk\u0131m\u0131zda"},"content":{"rendered":"\t\t<div data-elementor-type=\"wp-page\" data-elementor-id=\"5393\" class=\"elementor elementor-5393\">\n\t\t\t\t\t\t<section class=\"elementor-section elementor-top-section elementor-element elementor-element-7f3cbd8 elementor-section-content-middle ot-traditional elementor-section-boxed elementor-section-height-default elementor-section-height-default\" data-id=\"7f3cbd8\" data-element_type=\"section\" data-e-type=\"section\" data-settings=\"{&quot;background_background&quot;:&quot;classic&quot;}\">\n\t\t\t\t\t\t<div class=\"elementor-container elementor-column-gap-extended\">\n\t\t\t\t\t<div class=\"elementor-column elementor-col-50 elementor-top-column elementor-element elementor-element-9fc2569 ot-flex-column-vertical\" data-id=\"9fc2569\" data-element_type=\"column\" data-e-type=\"column\">\n\t\t\t<div class=\"elementor-widget-wrap elementor-element-populated\">\n\t\t\t\t\t\t<div class=\"elementor-element elementor-element-925ee15 elementor-widget elementor-widget-iheading\" data-id=\"925ee15\" data-element_type=\"widget\" data-e-type=\"widget\" data-widget_type=\"iheading.default\">\n\t\t\t\t<div class=\"elementor-widget-container\">\n\t\t\t\t\t\t\t<div class=\"ot-heading\">\r\n\t        \t            <span>\/\/ HAKKIMIZDA<\/span>\r\n\t        <h2 class=\"main-heading\">KLC Education Co. Ltd. | Yurtd\u0131\u015f\u0131 E\u011fitim Dan\u0131\u015fmanl\u0131\u011f\u0131<\/h2>\t    <\/div>\r\n\t    \t\t\t\t<\/div>\n\t\t\t\t<\/div>\n\t\t\t\t<div class=\"elementor-element elementor-element-5f326aa elementor-widget elementor-widget-text-editor\" data-id=\"5f326aa\" data-element_type=\"widget\" data-e-type=\"widget\" data-widget_type=\"text-editor.default\">\n\t\t\t\t\t\t\t\t\t<p>KLC Education Co. Ltd., 2013 y\u0131l\u0131ndan bu yana yabanc\u0131 dil e\u011fitimi ve uluslararas\u0131 e\u011fitim dan\u0131\u015fmanl\u0131\u011f\u0131 alan\u0131nda hizmet vermektedir. \u0130ngiltere, Almanya, T\u00fcrkiye ve Prag\u2019daki i\u015f birlikleriyle \u00f6\u011frencilerine d\u00fcnya \u00e7ap\u0131nda f\u0131rsatlar sunan kurumumuz; <strong data-start=\"514\" data-end=\"537\">yurtd\u0131\u015f\u0131 \u00fcniversite<\/strong>, <strong data-start=\"539\" data-end=\"552\">dil okulu<\/strong>, <strong data-start=\"554\" data-end=\"569\">yat\u0131l\u0131 lise<\/strong> ve <strong data-start=\"573\" data-end=\"586\">yaz okulu<\/strong> programlar\u0131nda profesyonel rehberlik sa\u011flamaktad\u0131r.<br data-start=\"638\" data-end=\"641\" \/>\u00d6\u011frencilerimizin sadece akademik de\u011fil, ki\u015fisel geli\u015fimlerini de \u00f6nemseyen KLC Education, psikolog ve \u00f6\u011frenci-ebeveyn ko\u00e7lar\u0131yla birlikte her bireyin hedeflerine uygun bir e\u011fitim yol haritas\u0131 olu\u015fturur.<\/p><p><strong>Amac\u0131m\u0131z, gen\u00e7leri k\u00fcresel vizyon sahibi bireyler olarak gelece\u011fe haz\u0131rlamakt\u0131r.<\/strong><\/p>\t\t\t\t\t\t\t\t<\/div>\n\t\t\t\t\t<\/div>\n\t\t<\/div>\n\t\t\t\t<div class=\"elementor-column elementor-col-50 elementor-top-column elementor-element elementor-element-7564da8 ot-flex-column-vertical\" data-id=\"7564da8\" data-element_type=\"column\" data-e-type=\"column\">\n\t\t\t<div class=\"elementor-widget-wrap elementor-element-populated\">\n\t\t\t\t\t\t<section class=\"elementor-section elementor-inner-section elementor-element elementor-element-c97a89f elementor-section-full_width ot-layout_block elementor-section-height-default elementor-section-height-default\" data-id=\"c97a89f\" data-element_type=\"section\" data-e-type=\"section\">\n\t\t\t\t\t\t<div class=\"elementor-container elementor-column-gap-extended\">\n\t\t\t\t\t<div class=\"elementor-column elementor-col-100 elementor-inner-column elementor-element elementor-element-ee166a8 ot-flex-column-vertical\" data-id=\"ee166a8\" data-element_type=\"column\" data-e-type=\"column\">\n\t\t\t<div class=\"elementor-widget-wrap elementor-element-populated\">\n\t\t\t\t\t\t<div class=\"elementor-element elementor-element-e15a777 elementor-widget elementor-widget-image\" data-id=\"e15a777\" data-element_type=\"widget\" data-e-type=\"widget\" data-widget_type=\"image.default\">\n\t\t\t\t\t\t\t\t\t\t\t\t\t\t\t<img fetchpriority=\"high\" decoding=\"async\" width=\"570\" height=\"540\" src=\"https:\/\/yurtdisiegitimdanismanligi.tr\/wp-content\/uploads\/2025\/10\/kurumsalbanner.png\" class=\"attachment-full size-full wp-image-5409\" alt=\"\" srcset=\"https:\/\/yurtdisiegitimdanismanligi.tr\/wp-content\/uploads\/2025\/10\/kurumsalbanner.png 570w, https:\/\/yurtdisiegitimdanismanligi.tr\/wp-content\/uploads\/2025\/10\/kurumsalbanner-300x284.png 300w\" sizes=\"(max-width: 570px) 100vw, 570px\" \/>\t\t\t\t\t\t\t\t\t\t\t\t\t\t\t<\/div>\n\t\t\t\t\t<\/div>\n\t\t<\/div>\n\t\t\t\t\t<\/div>\n\t\t<\/section>\n\t\t\t\t\t<\/div>\n\t\t<\/div>\n\t\t\t\t\t<\/div>\n\t\t<\/section>\n\t\t\t\t<section class=\"elementor-section elementor-top-section elementor-element elementor-element-645686e elementor-section-content-middle ot-traditional elementor-section-boxed elementor-section-height-default elementor-section-height-default\" data-id=\"645686e\" data-element_type=\"section\" data-e-type=\"section\" data-settings=\"{&quot;background_background&quot;:&quot;classic&quot;}\">\n\t\t\t\t\t\t<div class=\"elementor-container elementor-column-gap-extended\">\n\t\t\t\t\t<div class=\"elementor-column elementor-col-100 elementor-top-column elementor-element elementor-element-df3e227 ot-flex-column-vertical\" data-id=\"df3e227\" data-element_type=\"column\" data-e-type=\"column\">\n\t\t\t<div class=\"elementor-widget-wrap elementor-element-populated\">\n\t\t\t\t\t\t<div class=\"elementor-element elementor-element-e1385cb elementor-widget elementor-widget-iheading\" data-id=\"e1385cb\" data-element_type=\"widget\" data-e-type=\"widget\" data-widget_type=\"iheading.default\">\n\t\t\t\t<div class=\"elementor-widget-container\">\n\t\t\t\t\t\t\t<div class=\"ot-heading\">\r\n\t        <h2 class=\"main-heading\">Misyonumuz<\/h2>\t    <\/div>\r\n\t    \t\t\t\t<\/div>\n\t\t\t\t<\/div>\n\t\t\t\t<div class=\"elementor-element elementor-element-1273965 elementor-widget elementor-widget-text-editor\" data-id=\"1273965\" data-element_type=\"widget\" data-e-type=\"widget\" data-widget_type=\"text-editor.default\">\n\t\t\t\t\t\t\t\t\t<p data-start=\"954\" data-end=\"1193\">\u00d6\u011frencilerimize, hedeflerine ve yeteneklerine uygun en do\u011fru yurtd\u0131\u015f\u0131 e\u011fitim f\u0131rsatlar\u0131n\u0131 sunarak onlar\u0131n akademik, ki\u015fisel ve k\u00fclt\u00fcrel geli\u015fimlerine katk\u0131 sa\u011flamak; her a\u015famada g\u00fcvenilir rehberlik ve b\u00fct\u00fcnc\u00fcl dan\u0131\u015fmanl\u0131k hizmeti vermek.<\/p>\t\t\t\t\t\t\t\t<\/div>\n\t\t\t\t<div class=\"elementor-element elementor-element-0b57ef7 elementor-widget elementor-widget-iheading\" data-id=\"0b57ef7\" data-element_type=\"widget\" data-e-type=\"widget\" data-widget_type=\"iheading.default\">\n\t\t\t\t<div class=\"elementor-widget-container\">\n\t\t\t\t\t\t\t<div class=\"ot-heading\">\r\n\t        <h2 class=\"main-heading\">Vizyonumuz<\/h2>\t    <\/div>\r\n\t    \t\t\t\t<\/div>\n\t\t\t\t<\/div>\n\t\t\t\t<div class=\"elementor-element elementor-element-02318a1 elementor-widget elementor-widget-text-editor\" data-id=\"02318a1\" data-element_type=\"widget\" data-e-type=\"widget\" data-widget_type=\"text-editor.default\">\n\t\t\t\t\t\t\t\t\t<p data-start=\"1221\" data-end=\"1449\">K\u00fcresel \u00f6l\u00e7ekte g\u00fcvenilirli\u011fi, etik anlay\u0131\u015f\u0131 ve \u00f6\u011frenci odakl\u0131 yakla\u015f\u0131m\u0131yla fark yaratan; her \u00f6\u011frencinin potansiyelini en \u00fcst d\u00fczeye \u00e7\u0131kararak uluslararas\u0131 ba\u015far\u0131 hik\u00e2yeleri yaratan lider bir e\u011fitim dan\u0131\u015fmanl\u0131\u011f\u0131 markas\u0131 olmak.<\/p>\t\t\t\t\t\t\t\t<\/div>\n\t\t\t\t\t<\/div>\n\t\t<\/div>\n\t\t\t\t\t<\/div>\n\t\t<\/section>\n\t\t\t\t<\/div>\n\t\t","protected":false},"excerpt":{"rendered":"<p>\/\/ HAKKIMIZDA KLC Education Co. Ltd. | Yurtd\u0131\u015f\u0131 E\u011fitim Dan\u0131\u015fmanl\u0131\u011f\u0131 KLC Education Co. Ltd., 2013 y\u0131l\u0131ndan bu yana yabanc\u0131 dil e\u011fitimi ve uluslararas\u0131 e\u011fitim dan\u0131\u015fmanl\u0131\u011f\u0131 alan\u0131nda hizmet vermektedir. \u0130ngiltere, Almanya, T\u00fcrkiye ve Prag\u2019daki i\u015f birlikleriyle \u00f6\u011frencilerine d\u00fcnya \u00e7ap\u0131nda f\u0131rsatlar sunan kurumumuz; yurtd\u0131\u015f\u0131 \u00fcniversite, dil okulu, yat\u0131l\u0131 lise ve yaz okulu programlar\u0131nda profesyonel rehberlik sa\u011flamaktad\u0131r.\u00d6\u011frencilerimizin sadece [&hellip;]<\/p>\n","protected":false},"author":1,"featured_media":0,"parent":0,"menu_order":0,"comment_status":"closed","ping_status":"closed","template":"","meta":{"footnotes":""},"class_list":["post-5393","page","type-page","status-publish","hentry"],"yoast_head":"<!-- This site is optimized with the Yoast SEO plugin v27.3 - https:\/\/yoast.com\/product\/yoast-seo-wordpress\/ -->\n<title>Hakk\u0131m\u0131zda - Yurtd\u0131\u015f\u0131 E\u011fitim Dan\u0131\u015fmanl\u0131\u011f\u0131<\/title>\n<meta name=\"robots\" content=\"index, follow, max-snippet:-1, max-image-preview:large, max-video-preview:-1\" \/>\n<link rel=\"canonical\" href=\"https:\/\/yurtdisiegitimdanismanligi.tr\/index.php\/hakkimizda\/\" \/>\n<meta property=\"og:locale\" content=\"tr_TR\" \/>\n<meta property=\"og:type\" content=\"article\" \/>\n<meta property=\"og:title\" content=\"Hakk\u0131m\u0131zda - Yurtd\u0131\u015f\u0131 E\u011fitim Dan\u0131\u015fmanl\u0131\u011f\u0131\" \/>\n<meta property=\"og:description\" content=\"\/\/ HAKKIMIZDA KLC Education Co. Ltd. | Yurtd\u0131\u015f\u0131 E\u011fitim Dan\u0131\u015fmanl\u0131\u011f\u0131 KLC Education Co. Ltd., 2013 y\u0131l\u0131ndan bu yana yabanc\u0131 dil e\u011fitimi ve uluslararas\u0131 e\u011fitim dan\u0131\u015fmanl\u0131\u011f\u0131 alan\u0131nda hizmet vermektedir. \u0130ngiltere, Almanya, T\u00fcrkiye ve Prag\u2019daki i\u015f birlikleriyle \u00f6\u011frencilerine d\u00fcnya \u00e7ap\u0131nda f\u0131rsatlar sunan kurumumuz; yurtd\u0131\u015f\u0131 \u00fcniversite, dil okulu, yat\u0131l\u0131 lise ve yaz okulu programlar\u0131nda profesyonel rehberlik sa\u011flamaktad\u0131r.\u00d6\u011frencilerimizin sadece [&hellip;]\" \/>\n<meta property=\"og:url\" content=\"https:\/\/yurtdisiegitimdanismanligi.tr\/index.php\/hakkimizda\/\" \/>\n<meta property=\"og:site_name\" content=\"Yurtd\u0131\u015f\u0131 E\u011fitim Dan\u0131\u015fmanl\u0131\u011f\u0131\" \/>\n<meta property=\"article:publisher\" content=\"https:\/\/www.instagram.com\/klccenter\" \/>\n<meta property=\"article:modified_time\" content=\"2025-10-04T17:21:58+00:00\" \/>\n<meta property=\"og:image\" content=\"http:\/\/yurtdisiegitimdanismanligi.tr\/wp-content\/uploads\/2025\/10\/kurumsalbanner.png\" \/>\n<meta name=\"twitter:card\" content=\"summary_large_image\" \/>\n<meta name=\"twitter:label1\" content=\"Tahmini okuma s\u00fcresi\" \/>\n\t<meta name=\"twitter:data1\" content=\"1 dakika\" \/>\n<script type=\"application\/ld+json\" class=\"yoast-schema-graph\">{\"@context\":\"https:\\\/\\\/schema.org\",\"@graph\":[{\"@type\":\"WebPage\",\"@id\":\"https:\\\/\\\/yurtdisiegitimdanismanligi.tr\\\/index.php\\\/hakkimizda\\\/\",\"url\":\"https:\\\/\\\/yurtdisiegitimdanismanligi.tr\\\/index.php\\\/hakkimizda\\\/\",\"name\":\"Hakk\u0131m\u0131zda - Yurtd\u0131\u015f\u0131 E\u011fitim Dan\u0131\u015fmanl\u0131\u011f\u0131\",\"isPartOf\":{\"@id\":\"https:\\\/\\\/yurtdisiegitimdanismanligi.tr\\\/#website\"},\"primaryImageOfPage\":{\"@id\":\"https:\\\/\\\/yurtdisiegitimdanismanligi.tr\\\/index.php\\\/hakkimizda\\\/#primaryimage\"},\"image\":{\"@id\":\"https:\\\/\\\/yurtdisiegitimdanismanligi.tr\\\/index.php\\\/hakkimizda\\\/#primaryimage\"},\"thumbnailUrl\":\"http:\\\/\\\/yurtdisiegitimdanismanligi.tr\\\/wp-content\\\/uploads\\\/2025\\\/10\\\/kurumsalbanner.png\",\"datePublished\":\"2025-10-04T15:57:06+00:00\",\"dateModified\":\"2025-10-04T17:21:58+00:00\",\"breadcrumb\":{\"@id\":\"https:\\\/\\\/yurtdisiegitimdanismanligi.tr\\\/index.php\\\/hakkimizda\\\/#breadcrumb\"},\"inLanguage\":\"tr\",\"potentialAction\":[{\"@type\":\"ReadAction\",\"target\":[\"https:\\\/\\\/yurtdisiegitimdanismanligi.tr\\\/index.php\\\/hakkimizda\\\/\"]}]},{\"@type\":\"ImageObject\",\"inLanguage\":\"tr\",\"@id\":\"https:\\\/\\\/yurtdisiegitimdanismanligi.tr\\\/index.php\\\/hakkimizda\\\/#primaryimage\",\"url\":\"https:\\\/\\\/yurtdisiegitimdanismanligi.tr\\\/wp-content\\\/uploads\\\/2025\\\/10\\\/kurumsalbanner.png\",\"contentUrl\":\"https:\\\/\\\/yurtdisiegitimdanismanligi.tr\\\/wp-content\\\/uploads\\\/2025\\\/10\\\/kurumsalbanner.png\",\"width\":570,\"height\":540},{\"@type\":\"BreadcrumbList\",\"@id\":\"https:\\\/\\\/yurtdisiegitimdanismanligi.tr\\\/index.php\\\/hakkimizda\\\/#breadcrumb\",\"itemListElement\":[{\"@type\":\"ListItem\",\"position\":1,\"name\":\"Anasayfa\",\"item\":\"https:\\\/\\\/yurtdisiegitimdanismanligi.tr\\\/\"},{\"@type\":\"ListItem\",\"position\":2,\"name\":\"Hakk\u0131m\u0131zda\"}]},{\"@type\":\"WebSite\",\"@id\":\"https:\\\/\\\/yurtdisiegitimdanismanligi.tr\\\/#website\",\"url\":\"https:\\\/\\\/yurtdisiegitimdanismanligi.tr\\\/\",\"name\":\"Yurtd\u0131\u015f\u0131 E\u011fitim Dan\u0131\u015fmanl\u0131\u011f\u0131\",\"description\":\"Yurtd\u0131\u015f\u0131 \u00dcniversite ve Lise \",\"publisher\":{\"@id\":\"https:\\\/\\\/yurtdisiegitimdanismanligi.tr\\\/#organization\"},\"potentialAction\":[{\"@type\":\"SearchAction\",\"target\":{\"@type\":\"EntryPoint\",\"urlTemplate\":\"https:\\\/\\\/yurtdisiegitimdanismanligi.tr\\\/?s={search_term_string}\"},\"query-input\":{\"@type\":\"PropertyValueSpecification\",\"valueRequired\":true,\"valueName\":\"search_term_string\"}}],\"inLanguage\":\"tr\"},{\"@type\":\"Organization\",\"@id\":\"https:\\\/\\\/yurtdisiegitimdanismanligi.tr\\\/#organization\",\"name\":\"Yurtd\u0131\u015f\u0131 E\u011fitim Dan\u0131\u015fmanl\u0131\u011f\u0131\",\"url\":\"https:\\\/\\\/yurtdisiegitimdanismanligi.tr\\\/\",\"logo\":{\"@type\":\"ImageObject\",\"inLanguage\":\"tr\",\"@id\":\"https:\\\/\\\/yurtdisiegitimdanismanligi.tr\\\/#\\\/schema\\\/logo\\\/image\\\/\",\"url\":\"http:\\\/\\\/yurtdisiegitimdanismanligi.tr\\\/wp-content\\\/uploads\\\/2020\\\/09\\\/logo-1.svg\",\"contentUrl\":\"http:\\\/\\\/yurtdisiegitimdanismanligi.tr\\\/wp-content\\\/uploads\\\/2020\\\/09\\\/logo-1.svg\",\"width\":143,\"height\":40,\"caption\":\"Yurtd\u0131\u015f\u0131 E\u011fitim Dan\u0131\u015fmanl\u0131\u011f\u0131\"},\"image\":{\"@id\":\"https:\\\/\\\/yurtdisiegitimdanismanligi.tr\\\/#\\\/schema\\\/logo\\\/image\\\/\"},\"sameAs\":[\"https:\\\/\\\/www.instagram.com\\\/klccenter\"]}]}<\/script>\n<!-- \/ Yoast SEO plugin. -->","yoast_head_json":{"title":"Hakk\u0131m\u0131zda - Yurtd\u0131\u015f\u0131 E\u011fitim Dan\u0131\u015fmanl\u0131\u011f\u0131","robots":{"index":"index","follow":"follow","max-snippet":"max-snippet:-1","max-image-preview":"max-image-preview:large","max-video-preview":"max-video-preview:-1"},"canonical":"https:\/\/yurtdisiegitimdanismanligi.tr\/index.php\/hakkimizda\/","og_locale":"tr_TR","og_type":"article","og_title":"Hakk\u0131m\u0131zda - Yurtd\u0131\u015f\u0131 E\u011fitim Dan\u0131\u015fmanl\u0131\u011f\u0131","og_description":"\/\/ HAKKIMIZDA KLC Education Co. Ltd. | Yurtd\u0131\u015f\u0131 E\u011fitim Dan\u0131\u015fmanl\u0131\u011f\u0131 KLC Education Co. Ltd., 2013 y\u0131l\u0131ndan bu yana yabanc\u0131 dil e\u011fitimi ve uluslararas\u0131 e\u011fitim dan\u0131\u015fmanl\u0131\u011f\u0131 alan\u0131nda hizmet vermektedir. \u0130ngiltere, Almanya, T\u00fcrkiye ve Prag\u2019daki i\u015f birlikleriyle \u00f6\u011frencilerine d\u00fcnya \u00e7ap\u0131nda f\u0131rsatlar sunan kurumumuz; yurtd\u0131\u015f\u0131 \u00fcniversite, dil okulu, yat\u0131l\u0131 lise ve yaz okulu programlar\u0131nda profesyonel rehberlik sa\u011flamaktad\u0131r.\u00d6\u011frencilerimizin sadece [&hellip;]","og_url":"https:\/\/yurtdisiegitimdanismanligi.tr\/index.php\/hakkimizda\/","og_site_name":"Yurtd\u0131\u015f\u0131 E\u011fitim Dan\u0131\u015fmanl\u0131\u011f\u0131","article_publisher":"https:\/\/www.instagram.com\/klccenter","article_modified_time":"2025-10-04T17:21:58+00:00","og_image":[{"url":"http:\/\/yurtdisiegitimdanismanligi.tr\/wp-content\/uploads\/2025\/10\/kurumsalbanner.png","type":"","width":"","height":""}],"twitter_card":"summary_large_image","twitter_misc":{"Tahmini okuma s\u00fcresi":"1 dakika"},"schema":{"@context":"https:\/\/schema.org","@graph":[{"@type":"WebPage","@id":"https:\/\/yurtdisiegitimdanismanligi.tr\/index.php\/hakkimizda\/","url":"https:\/\/yurtdisiegitimdanismanligi.tr\/index.php\/hakkimizda\/","name":"Hakk\u0131m\u0131zda - Yurtd\u0131\u015f\u0131 E\u011fitim Dan\u0131\u015fmanl\u0131\u011f\u0131","isPartOf":{"@id":"https:\/\/yurtdisiegitimdanismanligi.tr\/#website"},"primaryImageOfPage":{"@id":"https:\/\/yurtdisiegitimdanismanligi.tr\/index.php\/hakkimizda\/#primaryimage"},"image":{"@id":"https:\/\/yurtdisiegitimdanismanligi.tr\/index.php\/hakkimizda\/#primaryimage"},"thumbnailUrl":"http:\/\/yurtdisiegitimdanismanligi.tr\/wp-content\/uploads\/2025\/10\/kurumsalbanner.png","datePublished":"2025-10-04T15:57:06+00:00","dateModified":"2025-10-04T17:21:58+00:00","breadcrumb":{"@id":"https:\/\/yurtdisiegitimdanismanligi.tr\/index.php\/hakkimizda\/#breadcrumb"},"inLanguage":"tr","potentialAction":[{"@type":"ReadAction","target":["https:\/\/yurtdisiegitimdanismanligi.tr\/index.php\/hakkimizda\/"]}]},{"@type":"ImageObject","inLanguage":"tr","@id":"https:\/\/yurtdisiegitimdanismanligi.tr\/index.php\/hakkimizda\/#primaryimage","url":"https:\/\/yurtdisiegitimdanismanligi.tr\/wp-content\/uploads\/2025\/10\/kurumsalbanner.png","contentUrl":"https:\/\/yurtdisiegitimdanismanligi.tr\/wp-content\/uploads\/2025\/10\/kurumsalbanner.png","width":570,"height":540},{"@type":"BreadcrumbList","@id":"https:\/\/yurtdisiegitimdanismanligi.tr\/index.php\/hakkimizda\/#breadcrumb","itemListElement":[{"@type":"ListItem","position":1,"name":"Anasayfa","item":"https:\/\/yurtdisiegitimdanismanligi.tr\/"},{"@type":"ListItem","position":2,"name":"Hakk\u0131m\u0131zda"}]},{"@type":"WebSite","@id":"https:\/\/yurtdisiegitimdanismanligi.tr\/#website","url":"https:\/\/yurtdisiegitimdanismanligi.tr\/","name":"Yurtd\u0131\u015f\u0131 E\u011fitim Dan\u0131\u015fmanl\u0131\u011f\u0131","description":"Yurtd\u0131\u015f\u0131 \u00dcniversite ve Lise ","publisher":{"@id":"https:\/\/yurtdisiegitimdanismanligi.tr\/#organization"},"potentialAction":[{"@type":"SearchAction","target":{"@type":"EntryPoint","urlTemplate":"https:\/\/yurtdisiegitimdanismanligi.tr\/?s={search_term_string}"},"query-input":{"@type":"PropertyValueSpecification","valueRequired":true,"valueName":"search_term_string"}}],"inLanguage":"tr"},{"@type":"Organization","@id":"https:\/\/yurtdisiegitimdanismanligi.tr\/#organization","name":"Yurtd\u0131\u015f\u0131 E\u011fitim Dan\u0131\u015fmanl\u0131\u011f\u0131","url":"https:\/\/yurtdisiegitimdanismanligi.tr\/","logo":{"@type":"ImageObject","inLanguage":"tr","@id":"https:\/\/yurtdisiegitimdanismanligi.tr\/#\/schema\/logo\/image\/","url":"http:\/\/yurtdisiegitimdanismanligi.tr\/wp-content\/uploads\/2020\/09\/logo-1.svg","contentUrl":"http:\/\/yurtdisiegitimdanismanligi.tr\/wp-content\/uploads\/2020\/09\/logo-1.svg","width":143,"height":40,"caption":"Yurtd\u0131\u015f\u0131 E\u011fitim Dan\u0131\u015fmanl\u0131\u011f\u0131"},"image":{"@id":"https:\/\/yurtdisiegitimdanismanligi.tr\/#\/schema\/logo\/image\/"},"sameAs":["https:\/\/www.instagram.com\/klccenter"]}]}},"_links":{"self":[{"href":"https:\/\/yurtdisiegitimdanismanligi.tr\/index.php\/wp-json\/wp\/v2\/pages\/5393","targetHints":{"allow":["GET"]}}],"collection":[{"href":"https:\/\/yurtdisiegitimdanismanligi.tr\/index.php\/wp-json\/wp\/v2\/pages"}],"about":[{"href":"https:\/\/yurtdisiegitimdanismanligi.tr\/index.php\/wp-json\/wp\/v2\/types\/page"}],"author":[{"embeddable":true,"href":"https:\/\/yurtdisiegitimdanismanligi.tr\/index.php\/wp-json\/wp\/v2\/users\/1"}],"replies":[{"embeddable":true,"href":"https:\/\/yurtdisiegitimdanismanligi.tr\/index.php\/wp-json\/wp\/v2\/comments?post=5393"}],"version-history":[{"count":25,"href":"https:\/\/yurtdisiegitimdanismanligi.tr\/index.php\/wp-json\/wp\/v2\/pages\/5393\/revisions"}],"predecessor-version":[{"id":5421,"href":"https:\/\/yurtdisiegitimdanismanligi.tr\/index.php\/wp-json\/wp\/v2\/pages\/5393\/revisions\/5421"}],"wp:attachment":[{"href":"https:\/\/yurtdisiegitimdanismanligi.tr\/index.php\/wp-json\/wp\/v2\/media?parent=5393"}],"curies":[{"name":"wp","href":"https:\/\/api.w.org\/{rel}","templated":true}]}}